{"id":5030,"date":"2013-04-22T17:00:48","date_gmt":"2013-04-22T17:00:48","guid":{"rendered":"http:\/\/www.atica.cat\/?page_id=5030"},"modified":"2013-05-20T17:00:51","modified_gmt":"2013-05-20T17:00:51","slug":"promotors","status":"publish","type":"page","link":"https:\/\/atica.cat\/index.php\/promotors\/","title":{"rendered":"Promotors"},"content":{"rendered":"<h4>Direccions d\u2019Obra<\/h4>\n<p>La Llei d\u2019Ordenaci\u00f3 de l\u2019Edificaci\u00f3 defineix al director de l\u2019execuci\u00f3 d\u2019obra i descriu les seves obligacions de la seg\u00fcent manera:<\/p>\n<p>El director de l\u2019execuci\u00f3 de l\u2019obra \u00e9s l\u2019agent que, formant part de la direcci\u00f3 facultativa, assumeix la funci\u00f3 t\u00e8cnica de dirigir l\u2019execuci\u00f3 material de l\u2019obra i de controlar qualitativa i quantitativament la construcci\u00f3 i la qualitat de l\u2019edificaci\u00f3.<\/p>\n<p>S\u00f3n obligacions del director de l\u2019execuci\u00f3 de l\u2019obra:<\/p>\n<p>1.- Estar en possessi\u00f3 de la titulaci\u00f3 acad\u00e8mica i professional habilitant i complir les condicions exigibles per a l\u2019exercici de la professi\u00f3. En cas de persones jur\u00eddiques designar al t\u00e8cnic director de l\u2019execuci\u00f3 de l\u2019obra que tingui la titulaci\u00f3 professional habilitant. Quan les obres a realitzar tinguin per objectiu la construcci\u00f3 d\u2019edificis per als usos indicats al grup a) de l\u2019apartat 1 de l\u2019article 2, la titulaci\u00f3 acad\u00e8mica i professional habilitant ser\u00e0 la d\u2019arquitecte t\u00e8cnic. Ser\u00e0 aquesta, aix\u00ed mateix, la titulaci\u00f3 habilitant per a les obres del grup b) que fossin dirigides per arquitectes. En altres casos la direcci\u00f3 de l\u2019execuci\u00f3 de l\u2019obra pot ser desenvolupada, indiferentment, per professionals amb la titulaci\u00f3 d\u2019arquitecte, arquitecte t\u00e8cnic, enginyer o enginyer t\u00e8cnic.<\/p>\n<p>2.- Verificar la recepci\u00f3 a obra dels productes de construcci\u00f3, ordenant la realitzaci\u00f3 d\u2019assajos i proves precises.<\/p>\n<p>3.- Dirigir l\u2019execuci\u00f3 material de l\u2019obra comprovant els replantejos, els materials, la correcta execuci\u00f3 i disposici\u00f3 dels elements constructius i de les instal\u00b7lacions, d\u2019acord amb el projecte i amb les instruccions del director d\u2019obra.<\/p>\n<p>4.- Consignar al Llibre d\u2019Ordres i Assist\u00e8ncies les instruccions precises.<\/p>\n<p>5.- Subscriure a l\u2019acta de replanteig o d\u2019inici d\u2019obra i el certificat final d\u2019obra, aix\u00ed com elaborar i subscriure les certificacions parcials i la liquidaci\u00f3 final de les unitats d\u2019obra executades.<\/p>\n<p>6.- Col\u00b7laborar amb els restants agents a l\u2019elaboraci\u00f3 de la documentaci\u00f3 de l\u2019obra executada, aportant els resultats del control realitzat.<\/p>\n<h4><\/h4>\n<h4>Estudi de Seguretat i Salut<\/h4>\n<p>Realitzar Estudis i Plans de Seguretat i Salut de projectes i obres d\u2019edificaci\u00f3 i d\u2019obra civil, organitzats en:<\/p>\n<ul>\n<li>Mem\u00f2ria<\/li>\n<li>Plec general de les Condicions de Seguretat i Salut a les obres.<\/li>\n<li>Documentaci\u00f3 gr\u00e0fica mitjan\u00e7ant pl\u00e0nols per a la implementaci\u00f3 dels mitjans de seguretat a l\u2019obra.<\/li>\n<li>Valoraci\u00f3 del cost de la Seguretat i Salut pel seu projecte.<\/li>\n<\/ul>\n<p>Realitzar funcions de Coordinador de Seguretat i Salut, tant en fase de Projecte com a la materialitzaci\u00f3 del mateix a obra durant tota la fase d\u2019execuci\u00f3 de la mateixa.<\/p>\n<p>Establir fulles de ruta setmanals i seguiment amb tots els agents que intervenen en el desenvolupament de l\u2019obra, realitzant un estricte seguiment del pla a partir dels criteris establerts al protocol d\u2019actuaci\u00f3 inspectores de condicions de treball i seguretat a les obres de construcci\u00f3 elaborat pel Ministeri de Treball i Assumptes Socials.<\/p>\n<h4>Estudis de Gesti\u00f3 de Residus<\/h4>\n<p>L\u2019Estudi de Gesti\u00f3 dels RCDs, contempla entre d\u2019altres molts aspectes les exig\u00e8ncies establertes pel RD 105\/2008:<\/p>\n<ul>\n<li>Una estimaci\u00f3 de la quantitat, expressada en tones i en metres c\u00fabics, dels residus de construcci\u00f3 i demolici\u00f3 que es generaran a l\u2019obra, codificats segons la llista europea de residus publicada Ordre MAM\/304\/2002\u201d, del 8 de febrer, per la que es publiquen les operacions de valoraci\u00f3 i eliminaci\u00f3 de residus, la llista europea de residus o norma que la substitueixi i calculada a partir de coeficients experimentals o del c\u00e0lcul real a partir de la medici\u00f3 d\u2019elements.<\/li>\n<li>Les mesures per a la prevenci\u00f3 de residus a l\u2019obra objecte del projecte.<\/li>\n<li>Les operacions de reutilitzaci\u00f3, valoraci\u00f3 o eliminaci\u00f3 i dest\u00ed dels residus que es generen a l\u2019obra.<\/li>\n<li>Les mesures per a la separaci\u00f3 dels residus a obra, en particular, pel compliment per part del posse\u00efdor dels residus, de l\u2019obligaci\u00f3 establerta a l\u2019apartat 5\u00e8 de l\u2019article 5 del RD 105\/2008.<\/li>\n<li>Els pl\u00e0nols de les instal\u00b7lacions previstes per l\u2019emmagatzematge, manipulaci\u00f3, separaci\u00f3 i si s\u2019escau, altres operacions de gesti\u00f3 dels residus de construcci\u00f3 i demolici\u00f3 dins de l\u2019obra.<\/li>\n<li>Les prescripcions del plec de prescripcions t\u00e8cniques particulars del projecte, en relaci\u00f3 amb l\u2019emmagatzematge, manipulaci\u00f3, separaci\u00f3 i si s\u2019escau, altres operacions de gesti\u00f3 dels residus de construcci\u00f3 i demolici\u00f3 dins de l\u2019obra.<\/li>\n<li>Una valoraci\u00f3 del cost previst de la gesti\u00f3 dels residus de construcci\u00f3 i demolici\u00f3 que formar\u00e0 part del pressupost del projecte al cap\u00edtol independent.<\/li>\n<\/ul>\n<h4>Planificaci\u00f3 d\u2019Obres<\/h4>\n<p>Planificaci\u00f3 t\u00e8cnica de l\u2019obra, realitzant Diagrames PERT i GANTT, mitjan\u00e7ant un calendari real de dies laborables, recollint condicionants del tipus festiu, climatol\u00f2gics, t\u00e8cnics, etc. An\u00e0lisi i Programaci\u00f3 t\u00e8cnica de l\u2019obra, mostrant les produccions mensuals i a origen, aix\u00ed com les anualitats previstes en funci\u00f3 de la planificaci\u00f3 pr\u00e8via, acompanyat d\u2019una representaci\u00f3 gr\u00e0fica.<\/p>\n","protected":false},"excerpt":{"rendered":"<p>Direccions d\u2019Obra<br \/>\nLa Llei d\u2019Ordenaci\u00f3 de l\u2019Edificaci\u00f3 defineix al director de l\u2019execuci\u00f3 d\u2019obra i descriu les seves obligacions de la seg\u00fcent manera:<br \/>\nEl director de l\u2019execuci\u00f3 de l\u2019obra \u00e9s l\u2019agent que, formant part de la direcci\u00f3 facultativa, assumeix la funci\u00f3 t\u00e8cnica de dirigir l\u2019execuci\u00f3 material de l\u2019obra i de controlar qualitativa i quantitativament la construcci\u00f3 i la qualitat de l\u2019edificaci\u00f3.<br \/>\nS\u00f3n obligacions del director de l\u2019execuci\u00f3 de l\u2019obra:<br \/>\n1.- Estar en possessi\u00f3 de la titulaci\u00f3 acad\u00e8mica i professional habilitant i &#8230;<\/p>\n","protected":false},"author":1,"featured_media":0,"parent":0,"menu_order":0,"comment_status":"open","ping_status":"closed","template":"","meta":{"footnotes":""},"class_list":["post-5030","page","type-page","status-publish","hentry"],"_links":{"self":[{"href":"https:\/\/atica.cat\/index.php\/wp-json\/wp\/v2\/pages\/5030","targetHints":{"allow":["GET"]}}],"collection":[{"href":"https:\/\/atica.cat\/index.php\/wp-json\/wp\/v2\/pages"}],"about":[{"href":"https:\/\/atica.cat\/index.php\/wp-json\/wp\/v2\/types\/page"}],"author":[{"embeddable":true,"href":"https:\/\/atica.cat\/index.php\/wp-json\/wp\/v2\/users\/1"}],"replies":[{"embeddable":true,"href":"https:\/\/atica.cat\/index.php\/wp-json\/wp\/v2\/comments?post=5030"}],"version-history":[{"count":9,"href":"https:\/\/atica.cat\/index.php\/wp-json\/wp\/v2\/pages\/5030\/revisions"}],"predecessor-version":[{"id":5086,"href":"https:\/\/atica.cat\/index.php\/wp-json\/wp\/v2\/pages\/5030\/revisions\/5086"}],"wp:attachment":[{"href":"https:\/\/atica.cat\/index.php\/wp-json\/wp\/v2\/media?parent=5030"}],"curies":[{"name":"wp","href":"https:\/\/api.w.org\/{rel}","templated":true}]}}